{"id":84866,"date":"2023-02-13T10:18:11","date_gmt":"2023-02-13T09:18:11","guid":{"rendered":"https:\/\/keramamueblesdejardin.com\/uncategorized\/pack-2-almofadas-de-espreguicadeira-com-riscas-amarelas-brancas-acrylic\/"},"modified":"2023-02-13T10:18:11","modified_gmt":"2023-02-13T09:18:11","slug":"pack-2-almofadas-espreguicadeira-raio-amarelo-branco-acrylic","status":"publish","type":"product","link":"https:\/\/keramamueblesdejardin.com\/en\/uncategorized\/pack-2-almofadas-espreguicadeira-raio-amarelo-branco-acrylic\/","title":{"rendered":"Pack 2 Almofadas de espregui\u00e7adeira com riscas amarelas\/brancas &#8211; Acrylic"},"content":{"rendered":"<p>Almofadas espregui\u00e7adeiras 60x190x7cm (length x compress x height) em riscas amarelas\/brancas. As almofadas s\u00e3o remov\u00edveis e lav\u00e1veis na m\u00e1quina, tamb\u00e9m possuem tiras para poder amarrar e fixar a almofada aos m\u00f3veis facilmente. O tecido \u00e9 acr\u00edlico tingido em massa, o melhor tecido para uso ao ar livre dadas as suas altas qualidades de resist\u00eancia \u00e0 descolora\u00e7\u00e3o. O enchimento \u00e9 100% poliester reciclado, vem de garrafas recicladas e embalagens, tecido n\u00e3o imperme\u00e1vel, n\u00e3o s\u00e3o adequadas para estar constantemente na chuva ou fontes que o mant\u00eam molhado ou molhado. \u00c9 um produto fabricados em Espanha.<\/p>\n","protected":false},"excerpt":{"rendered":"<ul>\n<li>Almofadas de espregui\u00e7adeira de jardim 60x190x7cm amarelo\/ branco<\/li>\n<li>As almofadas s\u00e3o remov\u00edveis e lav\u00e1veis na m\u00e1quina<\/li>\n<li>Tem tiras para amarrar e fixar a almofada<\/li>\n<li>Made in Spain with 100% recycled polyester<\/li>\n<\/ul>\n","protected":false},"featured_media":0,"comment_status":"closed","ping_status":"closed","template":"","meta":{"_acf_changed":false},"product_brand":[],"product_cat":[819],"product_tag":[],"class_list":{"0":"post-84866","1":"product","2":"type-product","3":"status-publish","5":"product_cat-uncategorized","6":"product_shipping_class-free-shipping","8":"first","9":"instock","10":"purchasable","11":"product-type-simple","12":"add-to-wishlist-before_image"},"acf":[],"yoast_head":"<!-- This site is optimized with the Yoast SEO plugin v27.4 - https:\/\/yoast.com\/product\/yoast-seo-wordpress\/ -->\n<title>Pack 2 Almofadas de espregui\u00e7adeira com riscas amarelas\/brancas - Acrylic - Kerama<\/title>\n<meta name=\"robots\" content=\"index, follow, max-snippet:-1, max-image-preview:large, max-video-preview:-1\" \/>\n<link rel=\"canonical\" href=\"https:\/\/keramamueblesdejardin.com\/en\/uncategorized\/pack-2-almofadas-espreguicadeira-raio-amarelo-branco-acrylic\/\" \/>\n<meta property=\"og:locale\" content=\"en_US\" \/>\n<meta property=\"og:type\" content=\"article\" \/>\n<meta property=\"og:title\" content=\"Pack 2 Almofadas de espregui\u00e7adeira com riscas amarelas\/brancas - Acrylic - Kerama\" \/>\n<meta property=\"og:description\" content=\"Almofadas de espregui\u00e7adeira de jardim 60x190x7cm amarelo\/ branco  As almofadas s\u00e3o remov\u00edveis e lav\u00e1veis na m\u00e1quina  Tem tiras para amarrar e fixar a almofada  Made in Spain with 100% recycled polyester\" \/>\n<meta property=\"og:url\" content=\"https:\/\/keramamueblesdejardin.com\/en\/uncategorized\/pack-2-almofadas-espreguicadeira-raio-amarelo-branco-acrylic\/\" \/>\n<meta property=\"og:site_name\" content=\"Kerama\" \/>\n<meta property=\"article:publisher\" content=\"https:\/\/www.facebook.com\/Kerama-Muebles-de-Jard%c3%adn-106209328312568\/\" \/>\n<meta name=\"twitter:card\" content=\"summary_large_image\" \/>\n<meta name=\"twitter:label1\" content=\"Est. reading time\" \/>\n\t<meta name=\"twitter:data1\" content=\"1 minute\" \/>\n<script type=\"application\/ld+json\" class=\"yoast-schema-graph\">{\"@context\":\"https:\\\/\\\/schema.org\",\"@graph\":[{\"@type\":\"WebPage\",\"@id\":\"https:\\\/\\\/keramamueblesdejardin.com\\\/en\\\/uncategorized\\\/pack-2-almofadas-espreguicadeira-raio-amarelo-branco-acrylic\\\/\",\"url\":\"https:\\\/\\\/keramamueblesdejardin.com\\\/en\\\/uncategorized\\\/pack-2-almofadas-espreguicadeira-raio-amarelo-branco-acrylic\\\/\",\"name\":\"Pack 2 Almofadas de espregui\u00e7adeira com riscas amarelas\\\/brancas - Acrylic - Kerama\",\"isPartOf\":{\"@id\":\"https:\\\/\\\/keramamueblesdejardin.com\\\/en\\\/#website\"},\"datePublished\":\"2023-02-13T09:18:11+00:00\",\"breadcrumb\":{\"@id\":\"https:\\\/\\\/keramamueblesdejardin.com\\\/en\\\/uncategorized\\\/pack-2-almofadas-espreguicadeira-raio-amarelo-branco-acrylic\\\/#breadcrumb\"},\"inLanguage\":\"en-US\",\"potentialAction\":[{\"@type\":\"ReadAction\",\"target\":[\"https:\\\/\\\/keramamueblesdejardin.com\\\/en\\\/uncategorized\\\/pack-2-almofadas-espreguicadeira-raio-amarelo-branco-acrylic\\\/\"]}]},{\"@type\":\"BreadcrumbList\",\"@id\":\"https:\\\/\\\/keramamueblesdejardin.com\\\/en\\\/uncategorized\\\/pack-2-almofadas-espreguicadeira-raio-amarelo-branco-acrylic\\\/#breadcrumb\",\"itemListElement\":[{\"@type\":\"ListItem\",\"position\":1,\"name\":\"Home\",\"item\":\"https:\\\/\\\/keramamueblesdejardin.com\\\/en\\\/\"},{\"@type\":\"ListItem\",\"position\":2,\"name\":\"Shop\",\"item\":\"https:\\\/\\\/keramamueblesdejardin.com\\\/tienda\\\/\"},{\"@type\":\"ListItem\",\"position\":3,\"name\":\"Uncategorized\",\"item\":\"https:\\\/\\\/keramamueblesdejardin.com\\\/en\\\/uncategorized\\\/\"},{\"@type\":\"ListItem\",\"position\":4,\"name\":\"Pack 2 Almofadas de espregui\u00e7adeira com riscas amarelas\\\/brancas &#8211; Acrylic\"}]},{\"@type\":\"WebSite\",\"@id\":\"https:\\\/\\\/keramamueblesdejardin.com\\\/en\\\/#website\",\"url\":\"https:\\\/\\\/keramamueblesdejardin.com\\\/en\\\/\",\"name\":\"Kerama\",\"description\":\"muebles de jard\u00edn\",\"publisher\":{\"@id\":\"https:\\\/\\\/keramamueblesdejardin.com\\\/en\\\/#organization\"},\"potentialAction\":[{\"@type\":\"SearchAction\",\"target\":{\"@type\":\"EntryPoint\",\"urlTemplate\":\"https:\\\/\\\/keramamueblesdejardin.com\\\/en\\\/?s={search_term_string}\"},\"query-input\":{\"@type\":\"PropertyValueSpecification\",\"valueRequired\":true,\"valueName\":\"search_term_string\"}}],\"inLanguage\":\"en-US\"},{\"@type\":\"Organization\",\"@id\":\"https:\\\/\\\/keramamueblesdejardin.com\\\/en\\\/#organization\",\"name\":\"kerama\",\"url\":\"https:\\\/\\\/keramamueblesdejardin.com\\\/en\\\/\",\"logo\":{\"@type\":\"ImageObject\",\"inLanguage\":\"en-US\",\"@id\":\"https:\\\/\\\/keramamueblesdejardin.com\\\/en\\\/#\\\/schema\\\/logo\\\/image\\\/\",\"url\":\"https:\\\/\\\/keramamueblesdejardin.com\\\/wp-content\\\/uploads\\\/2020\\\/12\\\/k.-scaled.jpg\",\"contentUrl\":\"https:\\\/\\\/keramamueblesdejardin.com\\\/wp-content\\\/uploads\\\/2020\\\/12\\\/k.-scaled.jpg\",\"width\":2560,\"height\":551,\"caption\":\"kerama\"},\"image\":{\"@id\":\"https:\\\/\\\/keramamueblesdejardin.com\\\/en\\\/#\\\/schema\\\/logo\\\/image\\\/\"},\"sameAs\":[\"https:\\\/\\\/www.facebook.com\\\/Kerama-Muebles-de-Jard\u00edn-106209328312568\\\/\"]}]}<\/script>\n<!-- \/ Yoast SEO plugin. -->","yoast_head_json":{"title":"Pack 2 Almofadas de espregui\u00e7adeira com riscas amarelas\/brancas - Acrylic - Kerama","robots":{"index":"index","follow":"follow","max-snippet":"max-snippet:-1","max-image-preview":"max-image-preview:large","max-video-preview":"max-video-preview:-1"},"canonical":"https:\/\/keramamueblesdejardin.com\/en\/uncategorized\/pack-2-almofadas-espreguicadeira-raio-amarelo-branco-acrylic\/","og_locale":"en_US","og_type":"article","og_title":"Pack 2 Almofadas de espregui\u00e7adeira com riscas amarelas\/brancas - Acrylic - Kerama","og_description":"Almofadas de espregui\u00e7adeira de jardim 60x190x7cm amarelo\/ branco  As almofadas s\u00e3o remov\u00edveis e lav\u00e1veis na m\u00e1quina  Tem tiras para amarrar e fixar a almofada  Made in Spain with 100% recycled polyester","og_url":"https:\/\/keramamueblesdejardin.com\/en\/uncategorized\/pack-2-almofadas-espreguicadeira-raio-amarelo-branco-acrylic\/","og_site_name":"Kerama","article_publisher":"https:\/\/www.facebook.com\/Kerama-Muebles-de-Jard%c3%adn-106209328312568\/","twitter_card":"summary_large_image","twitter_misc":{"Est. reading time":"1 minute"},"schema":{"@context":"https:\/\/schema.org","@graph":[{"@type":"WebPage","@id":"https:\/\/keramamueblesdejardin.com\/en\/uncategorized\/pack-2-almofadas-espreguicadeira-raio-amarelo-branco-acrylic\/","url":"https:\/\/keramamueblesdejardin.com\/en\/uncategorized\/pack-2-almofadas-espreguicadeira-raio-amarelo-branco-acrylic\/","name":"Pack 2 Almofadas de espregui\u00e7adeira com riscas amarelas\/brancas - Acrylic - Kerama","isPartOf":{"@id":"https:\/\/keramamueblesdejardin.com\/en\/#website"},"datePublished":"2023-02-13T09:18:11+00:00","breadcrumb":{"@id":"https:\/\/keramamueblesdejardin.com\/en\/uncategorized\/pack-2-almofadas-espreguicadeira-raio-amarelo-branco-acrylic\/#breadcrumb"},"inLanguage":"en-US","potentialAction":[{"@type":"ReadAction","target":["https:\/\/keramamueblesdejardin.com\/en\/uncategorized\/pack-2-almofadas-espreguicadeira-raio-amarelo-branco-acrylic\/"]}]},{"@type":"BreadcrumbList","@id":"https:\/\/keramamueblesdejardin.com\/en\/uncategorized\/pack-2-almofadas-espreguicadeira-raio-amarelo-branco-acrylic\/#breadcrumb","itemListElement":[{"@type":"ListItem","position":1,"name":"Home","item":"https:\/\/keramamueblesdejardin.com\/en\/"},{"@type":"ListItem","position":2,"name":"Shop","item":"https:\/\/keramamueblesdejardin.com\/tienda\/"},{"@type":"ListItem","position":3,"name":"Uncategorized","item":"https:\/\/keramamueblesdejardin.com\/en\/uncategorized\/"},{"@type":"ListItem","position":4,"name":"Pack 2 Almofadas de espregui\u00e7adeira com riscas amarelas\/brancas &#8211; Acrylic"}]},{"@type":"WebSite","@id":"https:\/\/keramamueblesdejardin.com\/en\/#website","url":"https:\/\/keramamueblesdejardin.com\/en\/","name":"Kerama","description":"muebles de jard\u00edn","publisher":{"@id":"https:\/\/keramamueblesdejardin.com\/en\/#organization"},"potentialAction":[{"@type":"SearchAction","target":{"@type":"EntryPoint","urlTemplate":"https:\/\/keramamueblesdejardin.com\/en\/?s={search_term_string}"},"query-input":{"@type":"PropertyValueSpecification","valueRequired":true,"valueName":"search_term_string"}}],"inLanguage":"en-US"},{"@type":"Organization","@id":"https:\/\/keramamueblesdejardin.com\/en\/#organization","name":"kerama","url":"https:\/\/keramamueblesdejardin.com\/en\/","logo":{"@type":"ImageObject","inLanguage":"en-US","@id":"https:\/\/keramamueblesdejardin.com\/en\/#\/schema\/logo\/image\/","url":"https:\/\/keramamueblesdejardin.com\/wp-content\/uploads\/2020\/12\/k.-scaled.jpg","contentUrl":"https:\/\/keramamueblesdejardin.com\/wp-content\/uploads\/2020\/12\/k.-scaled.jpg","width":2560,"height":551,"caption":"kerama"},"image":{"@id":"https:\/\/keramamueblesdejardin.com\/en\/#\/schema\/logo\/image\/"},"sameAs":["https:\/\/www.facebook.com\/Kerama-Muebles-de-Jard\u00edn-106209328312568\/"]}]}},"df_price":125.99,"df_sale_price":"","df_regular_price":125.99,"df_image_link":"https:\/\/keramamueblesdejardin.com\/wp-content\/uploads\/woocommerce-placeholder-300x300.png","custom_tabs":[{"title":"MEDI\u00c7\u00c3O","id":"medi\u00e7\u00e3o","content":"<div class=\"list\"><strong>Thickness: <\/strong>7cm\n<strong>Length: <\/strong>190cm\n<strong>Depth: <\/strong>60cm<\/div>"},{"title":"MANUTEN\u00c7\u00c3O E GARANTIAS","id":"Manuten\u00e7\u00e3o e Garantias","content":"<div class=\"moz-signature\">\n<div class=\"list\"><strong>Recomenda\u00e7\u00f5es gerais:<\/strong>\n\u2022 Damage caused by:\n\u2022 Causes acidentais como quedas, golpes, derrame de liquids, introdu\u00e7\u00e3o de corpos estranhos, bem como qualquer outro caso de for\u00e7a maior.\n\u2022 Utiliza\u00e7\u00e3o negligente, impr\u00f3pria ou n\u00e3o dom\u00e9stica.\n\u2022 Danos, corros\u00e3o e\/ou oxida\u00e7\u00e3o acelerados por condi\u00e7\u00f5es ambientais adversas\n\u2022 Manchas e descolora\u00e7\u00f5es devido ao n\u00e3o respeito dos nossos slogans de limpeza\n\u2022 Os danos ocorreram durante a montagem e o manuseamento sem ter seguido as instru\u00e7\u00f5es de montagem indicadas.\n<strong>Instru\u00e7\u00f5es de utiliza\u00e7\u00e3o e manuten\u00e7\u00e3o:<\/strong>\n\u2022 Limpe com a ajuda de um pano suavemente ou utilize um sab\u00e3o l\u00edquido neutro, enxaguando com muita \u00e1gua.\n\u2022 Retire regularmente o p\u00f3 com a ajuda de um pano macio e \u00e1gua l\u00edmpia.\n\u2022 N\u00e3o utilizes detergentes ou produtos abrasivos para a limpeza.\n<strong>Warranty years: 3 years<\/strong>\n<strong>Manufactured according to Standard:<\/strong> 581-1.581-2.581-3<\/div>\n<\/div>"}],"_links":{"self":[{"href":"https:\/\/keramamueblesdejardin.com\/en\/wp-json\/wp\/v2\/product\/84866","targetHints":{"allow":["GET"]}}],"collection":[{"href":"https:\/\/keramamueblesdejardin.com\/en\/wp-json\/wp\/v2\/product"}],"about":[{"href":"https:\/\/keramamueblesdejardin.com\/en\/wp-json\/wp\/v2\/types\/product"}],"replies":[{"embeddable":true,"href":"https:\/\/keramamueblesdejardin.com\/en\/wp-json\/wp\/v2\/comments?post=84866"}],"wp:attachment":[{"href":"https:\/\/keramamueblesdejardin.com\/en\/wp-json\/wp\/v2\/media?parent=84866"}],"wp:term":[{"taxonomy":"product_brand","embeddable":true,"href":"https:\/\/keramamueblesdejardin.com\/en\/wp-json\/wp\/v2\/product_brand?post=84866"},{"taxonomy":"product_cat","embeddable":true,"href":"https:\/\/keramamueblesdejardin.com\/en\/wp-json\/wp\/v2\/product_cat?post=84866"},{"taxonomy":"product_tag","embeddable":true,"href":"https:\/\/keramamueblesdejardin.com\/en\/wp-json\/wp\/v2\/product_tag?post=84866"}],"curies":[{"name":"wp","href":"https:\/\/api.w.org\/{rel}","templated":true}]}}

Pack 2 Almofadas de espreguiçadeira com riscas amarelas/brancas &#8211; Acrylic

<p>Almofadas espreguiçadeiras 60x190x7cm (length x compress x height) em riscas amarelas/brancas. As almofadas são removíveis e laváveis na máquina, também possuem tiras para poder amarrar e fixar a almofada aos móveis facilmente. O tecido é acrílico tingido em massa, o melhor tecido para uso ao ar livre dadas as suas altas qualidades de resistência à descoloração. O enchimento é 100% poliester reciclado, vem de garrafas recicladas e embalagens, tecido não impermeável, não são adequadas para estar constantemente na chuva ou fontes que o mantêm molhado ou molhado. É um produto fabricados em Espanha.</p>

<ul>
<li>Almofadas de espreguiçadeira de jardim 60x190x7cm amarelo/ branco</li>
<li>As almofadas são removíveis e laváveis na máquina</li>
<li>Tem tiras para amarrar e fixar a almofada</li>
<li>Made in Spain with 100% recycled polyester</li>
</ul>

<!-- This site is optimized with the Yoast SEO plugin v27.4 - https://yoast.com/product/yoast-seo-wordpress/ -->
<title>Pack 2 Almofadas de espreguiçadeira com riscas amarelas/brancas - Acrylic - Kerama</title>
<meta name="robots" content="index, follow, max-snippet:-1, max-image-preview:large, max-video-preview:-1" />
<link rel="canonical" href="https://keramamueblesdejardin.com/en/uncategorized/pack-2-almofadas-espreguicadeira-raio-amarelo-branco-acrylic/" />
<meta property="og:locale" content="en_US" />
<meta property="og:type" content="article" />
<meta property="og:title" content="Pack 2 Almofadas de espreguiçadeira com riscas amarelas/brancas - Acrylic - Kerama" />
<meta property="og:description" content="Almofadas de espreguiçadeira de jardim 60x190x7cm amarelo/ branco  As almofadas são removíveis e laváveis na máquina  Tem tiras para amarrar e fixar a almofada  Made in Spain with 100% recycled polyester" />
<meta property="og:url" content="https://keramamueblesdejardin.com/en/uncategorized/pack-2-almofadas-espreguicadeira-raio-amarelo-branco-acrylic/" />
<meta property="og:site_name" content="Kerama" />
<meta property="article:publisher" content="https://www.facebook.com/Kerama-Muebles-de-Jard%c3%adn-106209328312568/" />
<meta name="twitter:card" content="summary_large_image" />
<meta name="twitter:label1" content="Est. reading time" />
	<meta name="twitter:data1" content="1 minute" />
<script type="application/ld+json" class="yoast-schema-graph">{"@context":"https:\/\/schema.org","@graph":[{"@type":"WebPage","@id":"https:\/\/keramamueblesdejardin.com\/en\/uncategorized\/pack-2-almofadas-espreguicadeira-raio-amarelo-branco-acrylic\/","url":"https:\/\/keramamueblesdejardin.com\/en\/uncategorized\/pack-2-almofadas-espreguicadeira-raio-amarelo-branco-acrylic\/","name":"Pack 2 Almofadas de espreguiçadeira com riscas amarelas\/brancas - Acrylic - Kerama","isPartOf":{"@id":"https:\/\/keramamueblesdejardin.com\/en\/#website"},"datePublished":"2023-02-13T09:18:11+00:00","breadcrumb":{"@id":"https:\/\/keramamueblesdejardin.com\/en\/uncategorized\/pack-2-almofadas-espreguicadeira-raio-amarelo-branco-acrylic\/#breadcrumb"},"inLanguage":"en-US","potentialAction":[{"@type":"ReadAction","target":["https:\/\/keramamueblesdejardin.com\/en\/uncategorized\/pack-2-almofadas-espreguicadeira-raio-amarelo-branco-acrylic\/"]}]},{"@type":"BreadcrumbList","@id":"https:\/\/keramamueblesdejardin.com\/en\/uncategorized\/pack-2-almofadas-espreguicadeira-raio-amarelo-branco-acrylic\/#breadcrumb","itemListElement":[{"@type":"ListItem","position":1,"name":"Home","item":"https:\/\/keramamueblesdejardin.com\/en\/"},{"@type":"ListItem","position":2,"name":"Shop","item":"https:\/\/keramamueblesdejardin.com\/tienda\/"},{"@type":"ListItem","position":3,"name":"Uncategorized","item":"https:\/\/keramamueblesdejardin.com\/en\/uncategorized\/"},{"@type":"ListItem","position":4,"name":"Pack 2 Almofadas de espreguiçadeira com riscas amarelas\/brancas &#8211; Acrylic"}]},{"@type":"WebSite","@id":"https:\/\/keramamueblesdejardin.com\/en\/#website","url":"https:\/\/keramamueblesdejardin.com\/en\/","name":"Kerama","description":"muebles de jardín","publisher":{"@id":"https:\/\/keramamueblesdejardin.com\/en\/#organization"},"potentialAction":[{"@type":"SearchAction","target":{"@type":"EntryPoint","urlTemplate":"https:\/\/keramamueblesdejardin.com\/en\/?s={search_term_string}"},"query-input":{"@type":"PropertyValueSpecification","valueRequired":true,"valueName":"search_term_string"}}],"inLanguage":"en-US"},{"@type":"Organization","@id":"https:\/\/keramamueblesdejardin.com\/en\/#organization","name":"kerama","url":"https:\/\/keramamueblesdejardin.com\/en\/","logo":{"@type":"ImageObject","inLanguage":"en-US","@id":"https:\/\/keramamueblesdejardin.com\/en\/#\/schema\/logo\/image\/","url":"https:\/\/keramamueblesdejardin.com\/wp-content\/uploads\/2020\/12\/k.-scaled.jpg","contentUrl":"https:\/\/keramamueblesdejardin.com\/wp-content\/uploads\/2020\/12\/k.-scaled.jpg","width":2560,"height":551,"caption":"kerama"},"image":{"@id":"https:\/\/keramamueblesdejardin.com\/en\/#\/schema\/logo\/image\/"},"sameAs":["https:\/\/www.facebook.com\/Kerama-Muebles-de-Jardín-106209328312568\/"]}]}</script>
<!-- / Yoast SEO plugin. -->

Pack 2 Almofadas de espreguiçadeira com riscas amarelas/brancas - Acrylic - Kerama

Almofadas de espreguiçadeira de jardim 60x190x7cm amarelo/ branco  As almofadas são removíveis e laváveis na máquina  Tem tiras para amarrar e fixar a almofada  Made in Spain with 100% recycled polyester

muebles de jardín

https://www.facebook.com/Kerama-Muebles-de-Jardín-106209328312568/

MEDIÇÃO

medição

MANUTENÇÃO E GARANTIAS

Manutenção e Garantias

<div class="moz-signature">
<div class="list"><strong>Recomendações gerais:</strong>
• Damage caused by:
• Causes acidentais como quedas, golpes, derrame de liquids, introdução de corpos estranhos, bem como qualquer outro caso de força maior.
• Utilização negligente, imprópria ou não doméstica.
• Danos, corrosão e/ou oxidação acelerados por condições ambientais adversas
• Manchas e descolorações devido ao não respeito dos nossos slogans de limpeza
• Os danos ocorreram durante a montagem e o manuseamento sem ter seguido as instruções de montagem indicadas.
<strong>Instruções de utilização e manutenção:</strong>
• Limpe com a ajuda de um pano suavemente ou utilize um sabão líquido neutro, enxaguando com muita água.
• Retire regularmente o pó com a ajuda de um pano macio e água límpia.
• Não utilizes detergentes ou produtos abrasivos para a limpeza.
<strong>Warranty years: 3 years</strong>
<strong>Manufactured according to Standard:</strong> 581-1.581-2.581-3</div>
</div>
